 -13c6 + -8de?
-1ca4
In base 7, what is -5 + 1135612266?
1135612261
In base 2, what is -100001010110000001111111111 + 101?
-100001010110000001111111010
In base 2, what is 11 - -10011010000000000111010?
10011010000000000111101
In base 13, what is a01 - 4ab63?
-4a162
In base 9, what is 151823117 - -5?
151823123
In base 8, what is 11 - -251263254?
251263265
In base 5, what is 2 + 23003111?
23003113
In base 13, what is 3 + 3c7930?
3c7933
In base 5, what is 21303 + 3230?
30033
In base 6, what is -13 - -1045031042?
1045031025
In base 7, what is -1 + -65362456?
-65362460
In base 6, what is -40 + 155140054?
155140014
In base 5, what is 2 - -1123000310?
1123000312
In base 3, what is -1121011110 + 1000121?
-1120010212
In base 6, what is -22050 + 125250?
103200
In base 4, what is 10002 - -320010003?
320020011
In base 12, what is -21b7506 - 5?
-21b750b
In base 8, what is 4 + 42234261?
42234265
In base 15, what is -335706 - -5?
-335701
In base 7, what is 414115232 + 1?
414115233
In base 14, what is -60bd009 - -8?
-60bd001
In base 4, what is -21122202 + -330120?
-22112322
In base 6, what is 1303002 + -35?
1302523
In base 8, what is 425 - -56410?
57035
In base 3, what is 1211021112210201 + 1201?
1211021112212102
In base 9, what is -307 + -202383?
-202701
In base 4, what is 10003113 - -23101323?
33111102
In base 4, what is 23312033000 - -13?
23312033013
In base 6, what is 2302552425 + -12?
2302552413
In base 10, what is 1 - 103163?
-103162
In base 10, what is 10 - 1637741?
-1637731
In base 16, what is 9 - db860?
-db857
In base 12, what is -480960 + 6?
-480956
In base 8, what is -3 + 352342362?
352342357
In base 10, what is -30953705 + 5?
-30953700
In base 5, what is 10 + 3022333202?
3022333212
In base 3, what is -11 - -1002222220221121?
1002222220221110
In base 13, what is -17 - -389b4?
3899a
In base 7, what is -6623413 - -44?
-6623336
In base 13, what is -7681 + 31?
-7650
In base 15, what is 1 + 703446?
703447
In base 12, what is 224441b + -6?
2244415
In base 2, what is 1001101010 + 11000110010010101000?
11000110011100010010
In base 5, what is -12034 + 43023?
30434
In base 13, what is 5 + -53b772a?
-53b7725
In base 6, what is 1331350 - -4012?
1335402
In base 9, what is 11 + -204042543?
-204042532
In base 2, what is -10011001101001100010 + -1100?
-10011001101001101110
In base 6, what is 5 - 353133431?
-353133422
In base 14, what is 0 + 7d83d1d?
7d83d1d
In base 3, what is -12212212102 - -2210201?
-12210001201
In base 7, what is 245304131 - 5?
245304123
In base 12, what is 3 + -38440180?
-38440179
In base 9, what is -116 + 76453?
76336
In base 5, what is 12114240304 - 14?
12114240240
In base 6, what is -311023255141 - 3?
-311023255144
In base 16, what is -2 + 11bde?
11bdc
In base 12, what is -581 + -28b2?
-3273
In base 6, what is -3 - -5104331102?
5104331055
In base 2, what is 11 - -1010010010111001000110100?
1010010010111001000110111
In base 16, what is 182373 - a9?
1822ca
In base 10, what is -2249 - -1703?
-546
In base 16, what is -df + -1d9f?
-1e7e
In base 15, what is -1bd53d9 - -e?
-1bd53ca
In base 10, what is 450169111 + 4?
450169115
In base 5, what is -31442 - 30404?
-112401
In base 8, what is -5201 - 107156?
-114357
In base 11, what is -339 - 379a30?
-37a269
In base 7, what is -1 - 321240663?
-321240664
In base 9, what is -724 - -1338330?
1337505
In base 6, what is -11143 - -3501141?
3445554
In base 9, what is 1013330 - 16?
1013313
In base 10, what is -1727424 + -2?
-1727426
In base 11, what is -265a + -1259?
-3908
In base 4, what is 120 - 120332211?
-120332031
In base 12, what is -3 - -372b3b43?
372b3b40
In base 10, what is 1988 - 5380?
-3392
In base 13, what is 4 - -1155bc5?
1155bc9
In base 14, what is -135a3a - -68?
-1359b2
In base 10, what is -5527357 - 28?
-5527385
In base 7, what is -313014 - -6346?
-303335
In base 5, what is -1134104022 - 4?
-1134104031
In base 6, what is -2410325 + -13512?
-2424241
In base 9, what is 267703 - -11?
267714
In base 2, what is 10101001101001010 - 100110001011?
10100100110111111
In base 10, what is -48203 - 5?
-48208
In base 3, what is 121222222121 - 111001?
121222111120
In base 10, what is -100 - -267443?
267343
In base 7, what is -1630 - -23323?
21363
In base 11, what is -5351 - 45918?
-50169
In base 7, what is -13665 + -234232?
-251230
In base 16, what is 0 - -224742?
224742
In base 14, what is -8 - -27ca37?
27ca2d
In base 6, what is -4 + 12421501134?
12421501130
In base 8, what is -46457660 + -4?
-46457664
In base 12, what is -5b52 - a809?
-1475b
In base 14, what is 115 + -481ba?
-480a5
In base 2, what is -10 + 11001010111011101000001101?
11001010111011101000001011
In base 2, what is -100 + 101110001011001011100?
101110001011001011000
In base 9, what is 4 - 226478?
-226474
In base 4, what is 10120 - 12010333?
-12000213
In base 4, what is 1233212330 + 122?
1233213112
In base 3, what is 121101001 + 101111?
121202112
In base 10, what is 2420098 + 9?
2420107
In base 8, what is 7 + -24656236?
-24656227
In base 6, what is -242 + 2254542?
2254300
In base 13, what is 1 - -26532882?
26532883
In base 3, what is 10012110202120 + -1010120?
10012102122000
In base 9, what is 3461 - 1784?
1566
In base 3, what is -122210 - 2102011211?
-2102211121
In base 16, what is 244 - -7dd?
a21
In base 4, what is 0 - 131031012022?
-131031012022
In base 7, what is 5 + -32505153?
-32505145
In base 9, what is -25 - -247422?
247386
In base 12, what is -873686 + 1?
-873685
In base 5, what is 1 - -34113410022?
34113410023
In base 4, what is 333110 - 1303?
331201
In base 2, what is 10001110001001111 + 11110?
10001110001101101
In base 12, what is 388ab236 + 2?
388ab238
In base 14, what is 72d7 + 9253?
1254a
In base 13, what is -1 + -9233090?
-9233091
In base 11, what is -35 + -1063609?
-1063643
In base 13, what is cc - 8928?
-8829
In base 14, what is -3 - -8407639?
8407636
In base 6, what is -54423343 + 10?
-54423333
In base 10, what is -21 - 1741375?
-1741396
In base 7, what is -145062 + 3106?
-141653
In base 3, what is -112012201 + 2012212220?
1200200012
In base 16, what is 1873ba + -9?
1873b1
In base 13, what is -2c94 - -412?
-2882
In base 9, what is 111 - 51835?
-51724
In base 2, what is -110011011000111000 - -1011100?
-110011010111011100
In base 16, what is 98a - -21d?
ba7
In base 11, what is -317 + -43494a?
-435166
In base 5, what is -101 - 4203321?
-4203422
In base 2, what is 1011010101011010 - 11010010100?
1010111011000110
In base 6, what is -3 + 132210222?
132210215
In base 8, what is 150 - 654261?
-654111
In base 14, what is 4 + a0b0152?
a0b0156
In base 5, what is -4402 + -22424003?
-22433410
In base 16, what is 0 + f85b74?
f85b74
In base 14, what is -3 + -3151721?
-3151724
In base 7, what is 5464363655 + -2?
5464363653
In base 14, what is -2 + 285759?
285757
In base 14, what is -80094 - -1?
-80093
In base 9, what is 224 - -6150072?
6150306
In base 13, what is -1439 - 7a1?
-1c0a
In base 9, what is 2 - 7780775?
-7780773
In base 5, what is -2012 + -24220043?
-24222110
In base 9, what is 2 + -416243030?
-416243027
In base 12, what is 0 + 1b7a044?
1b7a044
In base 11, what is -174795500 - -5?
-1747954a6
In base 10, what is 2 - -2207625?
2207627
In base 13, what is -6465 + -41?
-64a6
In base 5, what is 3401220 - 242?
3400423
In base 13, what is 514a9b - 18?
514a83
In base 11, what is 2 - 20a07957?
-20a07955
In base 13, what is -523a96 + -5?
-523a9b
In base 10, what is 240 + 137549?
137789
In base 8, what is -131 - -4015525?
4015374
In base 4, what is 10333 + 30222132?
30233131
In base 13, what is -130705 - 8?
-130710
In base 2, what is 10 + 100011010011000011101?
100011010011000011111
In base 10, what is -4 + -198065?
-198069
In base 2, what is 11011111000100111010 - -100?
11011111000100111110
In base 4, what is -3 - 31030312033022?
-31030312033031
In base 7, what is 13 + 42335106?
42335122
In base 3, what is 2101011101202 - -10?
2101011101212
In base 9, what is 275 + -32334?
-32048
In base 2, what is -11110010110001000 + 1010000001?
-11110001100000111
In base 15, what is -4 + -392d90a?
-392d90e
In base 2, what is -1010000110110110000000 - -101?
-1010000110110101111011
In base 3, what is 10 - 12100000021200202?
-12100000021200122
In base 8, what is -261 + -6612?
-7073
In base 2, what is -1010 + -1001011001110110100000?
-100101100111011010101